921142.
2, 3, 73, 113, 5393
What are the prime factors of 1235240151?
3, 411746717
What are the prime factors of 745580744?
2, 103, 479, 1889
What are the prime factors of 1212460424?
2, 7, 97, 223207
What are the prime factors of 533540664?
2, 3, 7410287
What are the prime factors of 187984?
2, 31, 379
What are the prime factors of 767274331?
767274331
List the prime factors of 1096540458.
2, 3, 13, 433, 32467
What are the prime factors of 33447935?
5, 6689587
What are the prime factors of 377655976?
2, 83, 607, 937
List the prime factors of 1574651773.
29, 54298337
List the prime factors of 570654177.
3, 190218059
List the prime factors of 105972766.
2, 19, 139, 20063
List the prime factors of 3193307086.
2, 19, 31, 142673
List the prime factors of 4469261013.
3, 7, 613, 115727
List the prime factors of 24748840.
2, 5, 103, 6007
List the prime factors of 3346325426.
2, 443, 3776891
What are the prime factors of 172728612?
2, 3, 7, 76159
What are the prime factors of 35030619?
3, 13, 71, 4217
What are the prime factors of 58800351?
3, 23, 852179
What are the prime factors of 1932853609?
1932853609
What are the prime factors of 665225810?
2, 5, 17, 3913093
What are the prime factors of 25277566?
2, 41, 308263
What are the prime factors of 92966709?
3, 11, 2817173
List the prime factors of 235916307.
3, 11, 88259
What are the prime factors of 1824575188?
2, 23, 19832339
List the prime factors of 463804116.
2, 3, 5857, 6599
List the prime factors of 4496498.
2, 2248249
What are the prime factors of 600681331?
67, 8965393
What are the prime factors of 2359966024?
2, 13, 1745537
What are the prime factors of 232263758?
2, 17, 1447, 4721
List the prime factors of 20753368.
2, 59, 43969
List the prime factors of 2214632334.
2, 3, 449, 769, 1069
List the prime factors of 3809831104.
2, 17, 619, 5657
List the prime factors of 184184676.
2, 3, 13, 393557
List the prime factors of 2440610407.
47, 67, 775043
List the prime factors of 15699596.
2, 11, 509, 701
List the prime factors of 46932027.
3, 15644009
List the prime factors of 52846464.
2, 3, 11, 12511
List the prime factors of 28135674.
2, 3, 7, 43, 577
List the prime factors of 1321290494.
2, 31, 21311137
List the prime factors of 146384766.
2, 3, 11, 246439
List the prime factors of 405801054.
2, 3, 22544503
List the prime factors of 537504753.
3, 31, 67, 86263
What are the prime factors of 371027893?
661, 561313
What are the prime factors of 208283520?
2, 3, 5, 83, 1307
List the prime factors of 1534804717.
1534804717
List the prime factors of 72679337.
7351, 9887
List the prime factors of 144496802.
2, 72248401
List the prime factors of 975605291.
41, 53, 67, 6701
What are the prime factors of 2147606235?
3, 5, 1301, 36683
What are the prime factors of 4826816178?
2, 3, 804469363
What are the prime factors of 4561655091?
3, 7, 61, 1171, 3041
What are the prime factors of 2631746604?
2, 3, 823, 266479
List the prime factors of 50212244.
2, 97, 127, 1019
What are the prime factors of 544718069?
7, 77816867
What are the prime factors of 242222038?
2, 71, 101, 16889
List the prime factors of 1535528751.
3, 511842917
What are the prime factors of 49773453?
3, 16591151
List the prime factors of 1657617192.
2, 3, 7, 11, 298993
What are the prime factors of 1048959323?
12379, 84737
List the prime factors of 4346319406.
2, 11, 13, 73, 179, 1163
What are the prime factors of 2691800042?
2, 907, 1483903
What are the prime factors of 205644444?
2, 3, 17, 103, 9787
List the prime factors of 136845740.
2, 5, 743, 9209
What are the prime factors of 1178668700?
2, 5, 11, 43, 24919
List the prime factors of 611793419.
611793419
List the prime factors of 15131727.
3, 13, 283, 457
List the prime factors of 861434468.
2, 811, 265547
What are the prime factors of 68082777?
3, 7, 1080679
List the prime factors of 28354524.
2, 3, 11, 214807
List the prime factors of 340965593.
23, 439, 33769
What are the prime factors of 23767397?
23767397
What are the prime factors of 105380624?
2, 241, 27329
List the prime factors of 76134006.
2, 3, 13, 36151
List the prime factors of 53643355.
5, 827, 12973
What are the prime factors of 32037065?
5, 2053, 3121
List the prime factors of 297126908.
2, 13, 97, 58907
What are the prime factors of 4746888507?
3, 751, 2106919
What are the prime factors of 2840884717?
11, 73, 89, 127, 313
List the prime factors of 1192710632.
2, 23, 6482123
What are the prime factors of 56999204?
2, 31, 459671
What are the prime factors of 2282068875?
3, 5, 31, 196307
List the prime factors of 423664520.
2, 5, 61, 401, 433
List the prime factors of 187595330.
2, 5, 13, 47, 30703
What are the prime factors of 147687891?
3, 13, 17, 337, 661
What are the prime factors of 59401232?
2, 11, 43, 47, 167
List the prime factors of 88853880.
2, 3, 5, 19, 38971
List the prime factors of 261970600.
2, 5, 61, 109, 197
What are the prime factors of 2531917271?
13, 43, 26801
List the prime factors of 872853006.
2, 3, 1229, 118369
What are the prime factors of 92655531?
3, 41, 251099
What are the prime factors of 415155946?
2, 17, 2777, 4397
List the prime factors of 1893596906.
2, 946798453
List the prime factors of 1013976586.
2, 7, 4871, 14869
What are the prime factors of 9858111?
3, 433, 7589
List the prime factors of 8069819507.
7193, 1121899
What are the prime factors of 74240279?
6131, 12109
List the prime factors of 34654779.
3, 73, 52747
List the prime factors of 98744268.
2, 3, 7, 37, 31771
What are the prime factors of 2319430405?
5, 463886081
List the prime factors of 674344537.
674344537
What are the prime factors of 860049705?
3, 5, 57336647
What are the prime factors of 801609545?
5, 11, 14574719
List the prime factors of 5992680.
2, 3, 5, 49939
List the prime factors of 1597172828.
2, 127, 139, 22619
What are the prime factors of 270070898?
2, 135035449
What are the prime factors of 3461418377?
1481, 2337217
List the prime factors of 262025841.
3, 7, 11, 1134311
What are the prime factors of 48578233?
11, 401473
List the prime factors of 40808656.
2, 7, 19, 127, 151
List the prime factors of 961907341.
859, 1119799
List the prime factors of 110907801.
3, 31, 397519
What are the prime factors of 448950868?
2, 112237717
List the prime factors of 379386770.
2, 5, 7, 5419811
List the prime factors of 1654321726.
2, 37, 71, 499, 631
What are the prime factors of 430491520?
2, 5, 672643
What are the prime factors of 41739400?
2, 5, 208697
What are the prime factors of 3495109?
29, 191, 631
List the prime factors of 1278295747.
67, 19079041
What are the prime factors of 1143648646?
2, 7, 19, 1021, 4211
List the prime factors of 6754357050.
2, 3, 5, 7, 6432721
List the prime factors of 602569317.
3, 7, 347, 11813
List the prime factors of 296851618.
2, 7, 43, 493109
List the prime factors of 102343636.
2, 53, 482753
List the prime factors of 399513629.
53, 229, 32917
List the prime factors of 388516163.
7, 55502309
What are the prime factors of 3343000313?
41, 101, 7993
What are the prime factors of 671775943?
71, 9461633
List the prime factors of 4517126789.
7, 59, 521, 2999
What are the prime factors of 2827708295?
5, 41, 151, 167, 547
What are the prime factors of 1959667418?
2, 17, 31, 59, 31513
What are the prime factors of 365609320?
2, 5, 2551, 3583
What are the prime factors of 487056768?
2, 3, 11, 67, 1721
What are the prime factors of 4995232546?
2, 241, 10363553
What are the prime factors of 73144302?
2, 3, 7, 11, 17, 67, 139
What are the prime factors of 536529305?
5, 13, 8254297
What are the prime factors of 2117372613?
3, 2791, 252881
List the prime factors of 89945166.
2, 3, 14990861
What are the prime factors of 105769406?
2, 6163, 8581
List the prime factors of 1249400952.
2, 3, 929, 18679
List the prime factors of 1518895297.
1518895297
List the prime factors of 3233496519.
3, 11, 32661581
List the prime factors of 508420501.
508420501
List the prime factors of 347997823.
47, 101, 73309
List the prime factors of 1560505539.
3, 17117, 30389
List the prime factors of 158961795.
3, 5, 10597453
What are the prime factors of 193412535?
3, 5, 12894169
List the prime factors of 123648089.
17, 127, 57271
List the prime factors of 31677247.
7, 4525321
What are the prime factors of 107736511?
653, 